t i be -1 + 1 + (71 - 14). Suppose 3*z = 2*z + 19. Calculate the highest common factor of i and z.
19
Let t = -5 + 6. Let s be 147 + -4 + t + 0. Calculate the highest common divisor of 18 and s.
18
Suppose -c + 3 + 3 = 0. What is the greatest common factor of 72 and c?
6
Suppose -62 = t + 3*v - 216, 2*t - 3*v - 308 = 0. Calculate the greatest common factor of t and 22.
22
Let f be (2/(-3))/(2/(-42)). Let o be 3 - (-3 - 0 - 1). Calculate the highest common factor of f and o.
7
Let f be (-4)/8*(-12)/2. What is the greatest common divisor of 33 and f?
3
Let r(p) = -14*p - 13. Let j be r(-1). Calculate the greatest common factor of j and 9.
1
Let g = -16 + 29. What is the highest common divisor of g and 65?
13
Suppose -38 - 172 = -5*y. What is the greatest common divisor of y and 462?
42
Suppose 2*n - 48 = -n. Suppose -2*i + 0*r + 2*r = -4, -5*r = -i - 6. Suppose i*t + 5*p = 276, 0 = -p + 2 + 2. What is the highest common factor of n and t?
16
Suppose 13*r = 18*r - 65. What is the highest common factor of r and 13?
13
Suppose -4*r + 47 = -49. Let n = 9 + r. Let f be 2/(-9 + 3)*-33. Calculate the greatest common factor of n and f.
11
Let a be ((-78)/5)/(12/(-40)). Suppose 3*t + 2 = -1. Let u be (2 - 1)*t + 14. Calculate the greatest common factor of u and a.
13
Suppose 0 = 5*k + 4*s - 98, -5*k + 44 = -2*k - 5*s. Let f = -5 - -13. Let w = 17 - f. What is the greatest common factor of k and w?
9
Let p be (-120)/25*10/(-2). Suppose -a + p = -0. Calculate the highest common divisor of 36 and a.
12
Let i be -3*1/(-4)*4. Suppose -h + 25 = 4*z, 5*z + 5 = 4*h + 31. What is the highest common factor of i and z?
3
Suppose 4*k - 24 = 72. What is the highest common divisor of k and 72?
24
Let u be (0 - -2)/(2/10). Let j be 35*(24/u + -2). Suppose p + 1 = j. What is the greatest common divisor of 52 and p?
13
Suppose -8*y + 272 - 72 = 0. What is the highest common factor of y and 5?
5
Let o = -7 - -11. Suppose o*a = -3 + 63. Let h = a + -10. What is the greatest common factor of h and 2?
1
Let x = -16 - -20. Suppose -2*l + 2 = -3*w + 4*w, 0 = w + x*l. Suppose 7*b = -4*h + 2*b + 87, 20 = -4*b. Calculate the highest common divisor of w and h.
4
Suppose 0 = -j + 5*j - 256. What is the highest common factor of j and 8?
8
Suppose -5*z + 31 + 0 = -g, -27 = -5*z + 2*g. What is the greatest common factor of 7 and z?
7
Suppose -i + 0*i + 5 = 0. Suppose -2 = -b + 4*s - 2*s, 4*b + 16 = -4*s. Let c = 3 - b. Calculate the greatest common divisor of c and i.
5
Let x be (30/(-4) - -2)*-2. Let j = 91 - 47. What is the greatest common divisor of j and x?
11
Let d(b) = 176*b**3 + b**2 - 2*b + 1. Let g be 1/(-4 - -3 - -2). Let a be d(g). What is the greatest common divisor of a and 22?
22
Let f = 10 + -9. What is the greatest common factor of 11 and f?
1
Suppose -z = -183 + 62. What is the greatest common factor of z and 11?
11
Suppose -94*p + 336 = -87*p. Calculate the greatest common divisor of p and 192.
48
Suppose 2*n - 28 = -0*n. Suppose 0*a - 8 = -2*a. Suppose -a = 3*v - 5*v. What is the greatest common divisor of v and n?
2
Suppose -r - 248 = -2*t + r, 0 = -t - 4*r + 144. Let b be (-16)/2*(-4 - -2). What is the highest common factor of b and t?
16
Let x = 123 + -24. Calculate the greatest common divisor of 11 and x.
11
Suppose 0 = -3*r - 3 + 21. What is the greatest common factor of r and 48?
6
Let o(m) = 22*m. Let i = 2 - 1. Let c be o(i). Let x = c - 8. Calculate the greatest common divisor of x and 112.
14
Suppose 0 = f - 338 + 219. Calculate the greatest common divisor of 7 and f.
7
Suppose 4*f = 5*f + 4*w - 48, -5*f + 3*w + 125 = 0. Let a(d) = 17*d + 2. Let o be 3*(-4)/3*-1. Let n be a(o). What is the greatest common factor of f and n?
14
Let d = -35 - -78. Let u = 61 - d. Calculate the greatest common factor of 144 and u.
18
Let j be 9/15 + 34/10. Suppose -6 = -2*c - j. Calculate the greatest common divisor of c and 7.
1
Let f(j) = j - 3. Let z be f(9). Let k(u) = -u**3 + 7*u**2 - 6*u + 1. Let i be k(z). Let b = i - -8. Calculate the highest common factor of b and 1.
1
Suppose -3 = -2*x - o, 5*o - 4*o + 5 = 0. Let a be (-6)/x*(-16)/3. Calculate the highest common factor of 8 and a.
8
Let t = 17 + -181. Let d be (-6)/15 - t/10. Calculate the highest common divisor of d and 24.
8
Let i = 209 - 143. Suppose 3*u - 14 - 4 = 0. Calculate the highest common factor of i and u.
6
Let c = -2 + 26. What is the greatest common factor of 60 and c?
12
Suppose 4*v = 8*v - 112. Suppose 5*o + 403 = 4*s + 98, 2*s = 4*o + 160. What is the greatest common factor of v and s?
14
Let i = -352 - -124. Let p = 121 + -284. Let q = p - i. What is the highest common factor of 26 and q?
13
Let g be 1670/8 - (-9)/36. Suppose 4*f + 19 = 6*f - u, 4*u + 20 = 0. Let m = 12 + f. What is the greatest common factor of m and g?
19
Let i be 1 + -1 - (-1 - 1). Suppose 15 = 5*q + 115. Let h be q/(-7)*7/i. What is the highest common divisor of 2 and h?
2
Suppose -4*m = -3*m + 1. Let t = m + 124. Suppose -3*c - 28 = -p, -3*c + t = 5*p - c. What is the highest common factor of p and 5?
5
Let p be -2 + 2 - (24 - -2). Let k = -15 - p. What is the greatest common divisor of k and 1?
1
Suppose 0 = 4*b - 6 + 2. Calculate the greatest common divisor of b and 9.
1
Let l = 141 + -26. Let w(k) = -9*k + 1. Let m be w(-5). Calculate the highest common factor of l and m.
23
Let p(l) = 14*l - 2 - 4 + 4 - 6. Let g be p(12). Calculate the highest common divisor of g and 16.
16
Let c(s) = -s**3 + 10*s**2 + 11*s. Let g be c(11). Suppose 2*n - 4*n + 162 = g. Calculate the highest common factor of 9 and n.
9
Let g be (3/6)/((-2)/(-160)). Suppose -8*w = -3*w - g. Calculate the highest common factor of 2 and w.
2
Let k be (-2)/3 - (-136)/6. Let y be (-1)/(1/(-11))*10. What is the greatest common factor of k and y?
22
Suppose 2*d + 48 = 2*b - 2*d, 2*b - 5*d = 50. What is the highest common divisor of b and 8?
4
Suppose -2*a = -7*a + 420. Calculate the greatest common factor of a and 56.
28
Suppose -2*c = 2*c - 380. Suppose 0 = 7*o - 71 - 62. What is the highest common factor of c and o?
19
Suppose -y - 5 = 0, a = -2*a + 3*y + 69. What is the highest common factor of a and 54?
18
Suppose 0 = -w - w + 40. Calculate the highest common divisor of 100 and w.
20
Let r(t) = t**2 - t - 1. Let g(w) = -2*w**2 + 4*w + 7. Let x(v) = -g(v) - 6*r(v). Let a be x(1). Let n = 5 + a. Calculate the highest common divisor of n and 2.
2
Let b(l) = 29*l - 1. Let v be b(1). Let c = v - 16. Let h(d) = d**2 + 13*d + 3. Let n be h(-13). Calculate the greatest common factor of n and c.
3
Suppose 128 = s - 4*g - 65, 4*g + 784 = 4*s. Suppose 2*f = -25 + s. Suppose -p + f = 11. Calculate the greatest common divisor of p and 30.
15
Suppose -5*r - 15 - 15 = 0. Let t(o) = -4*o - 9. Let h be t(r). What is the greatest common divisor of 10 and h?
5
Suppose 4*i - 2*u - u + 93 = 0, 0 = i - 2*u + 17. Suppose -12 = -2*b - b, 4*h = b - 12. Let f be (-28)/(-6)*i/h. What is the highest common divisor of 9 and f?
9
Let f be 1 + (-7)/(35/(-30)). What is the greatest common divisor of f and 21?
7
Let x(a) = -3*a + 5. Let k be x(-4). Suppose 23 + k = 2*q. Suppose -6 = -2*f + q. Calculate the greatest common divisor of 65 and f.
13
Let y(w) = -w**3 + w**2 - w + 24. Let h be y(0). Calculate the greatest common divisor of h and 16.
8
Let s(b) = -2*b**3 + 5*b**2 - 8*b - 1. Let k be s(6). Let l = -147 - k. Let q = -34 - -48. What is the greatest common factor of q and l?
14
Suppose -n - 23 = -3*v, -5 = -v - 3*n + 6*n. What is the greatest common factor of v and 4?
4
Suppose -o + 45 = 13. Let u = -3 + 5. Suppose -m = -3*n + m + 230, u*m - 250 = -3*n. What is the greatest common factor of o and n?
16
Suppose 2*d = -2*d + 40. Let j be 2 - 5/(d/(-104)). What is the greatest common divisor of j and 18?
18
Suppose 2*h = -4*t + 16, 2*h - 5*h = 0. Suppose -73 = -5*z - t*q + 14, 53 = 3*z + 2*q. What is the highest common factor of z and 209?
19
Let q = -6 + 6. Suppose q*v - 12 = -4*v. Calculate the highest common factor of 2 and v.
1
Suppose 7*j = -6*j + 819. Calculate the greatest common factor of j and 7.
7
Let s(g) = g**2 + 6*g. Let k be s(-6). Suppose k*h = 5*h - 55. Calculate the greatest common divisor of h and 121.
11
Let b be -2*2/4 + -34. Let w = 9 - b. Suppose -2*y + 3*y - 11